units digit of r?
1
Suppose -g - 402 = -2*k + 293, 5*g = -2*k + 713. What is the units digit of k?
9
Let s(h) = h**2 - 4*h + 4. Let n be s(5). Let y be ((-24)/n)/(-2)*3. Suppose -f + y = 0, -4*b + 10 = -b + f. What is the units digit of b?
2
Let j be 2/(-4) - (-10)/(-4). Let d = j - -5. Suppose a - d*a + 3 = l, 0 = l + 2*a. What is the units digit of l?
6
Suppose 2*y = -2*y + 108. Let n = y - 10. What is the tens digit of n?
1
Suppose 348 = -4*z + 1384. What is the units digit of z?
9
Let o = -7 - -9. Suppose 4*r + 3*m = 3, -4*r + 6*m = o*m + 4. Suppose -3*s - s + 21 = 5*c, 2*c + 5*s - 22 = r. What is the units digit of c?
1
What is the units digit of (84/(-10))/(4/(-36 - 4))?
4
Suppose -3*b + 2*v + 45 = -v, 4*v = 5*b - 70. Suppose 0 = 5*f - b, 0 + 2 = -3*q + 4*f. Suppose 0 = 3*s + q*s - 40. What is the units digit of s?
8
Let n(z) = -z**2 - 6*z - 2. Let w be n(-5). Suppose o = w*o. Suppose o*b - 18 = -3*b. What is the units digit of b?
6
Let c(m) = -3*m - 1. Let a be 22/10 + (-2)/10. Suppose 0 = a*j - q + 1, -3*j = -5*q - 2 - 0. What is the units digit of c(j)?
2
Let f = 6 - -11. Suppose -3 = 2*b - f. What is the units digit of b?
7
Let s = -51 - -4. Let x = 93 + s. What is the units digit of x?
6
Let g(o) = 13*o + 2. Let y be g(2). Suppose -4*q = -3*q - y. What is the tens digit of q?
2
Let c(p) = -35*p - 8. What is the tens digit of c(-4)?
3
Let v(i) = -4*i**3 + 2*i**2 + 5*i + 5. Let x(d) = -d**3 + 1. Let m(h) = -v(h) + 3*x(h). Suppose -13*l + 62 - 10 = 0. What is the units digit of m(l)?
0
Suppose 63 = 7*k - 4*k. Let c(o) = -o - 9. Let r be c(0). Let h = k + r. What is the tens digit of h?
1
Let p = -24 - -57. What is the tens digit of p?
3
Let f = 1 - -1. Suppose -n = 4*b + 12, 2*n + 0*b = -2*b - 6. Suppose n = 3*v - 19 - f. What is the units digit of v?
7
Let i(l) = 5*l**2 + 3*l**3 + 3*l + l**3 - 3*l**3. Let x be i(-4). Suppose -2*r = -x*r + 6. What is the units digit of r?
3
Let s(y) = -3 + 4*y - 6*y - y. Let k be s(-2). Suppose k*m + 8 = 4*m. What is the units digit of m?
8
Let s(r) = r**3 + r**2 + 1. Let l(b) = -3*b**3 + 5*b**2 - 7*b - 5. Let d(h) = -l(h) - 2*s(h). Suppose -15 = -2*w - 3. What is the units digit of d(w)?
9
Let p be (3 + -4)/(2/(-14)). Suppose -2*l + p = -39. What is the units digit of l?
3
Let v(c) = -c**3 - 7*c**2 - 3*c - 8. Suppose -2*i + 2 + 0 = 0. Let y(l) = -8*l + 1. Let g be y(i). What is the units digit of v(g)?
3
Suppose 0 = -3*x - x - 8. Let d = 9 - 5. What is the units digit of 5 + x - (3 - d)?
4
Suppose -4*v + 73 = -19. Let z(h) = -4*h**2 - h - 1. Let p be z(-2). Let x = p + v. What is the units digit of x?
8
Suppose -3*y + 1 = -4*y. Let o be y/(0 - -1) + 1. Suppose 0 = -n - 2, 0 = -5*b - o*n + 3*n + 31. What is the units digit of b?
5
Let c(g) = -g**3 + 7*g**2 - 3*g. Let l be c(7). Let k = l - -11. Let d = k - -15. What is the units digit of d?
5
Let r = -10 + 17. Let n(d) = 5*d - 9. What is the units digit of n(r)?
6
Let s be 5/((-15)/(-9)) - 3. Suppose 5*v + 2*l = 12 - 38, s = -4*v - 2*l - 20. Let i = v - -20. What is the units digit of i?
4
Let r = -6 - -8. Suppose -3*h + r = -h. What is the units digit of h?
1
Suppose -d + 96 = 3*d. Let b(j) = j**3 - 4*j**2 - 4*j - 2. Let o be b(5). What is the tens digit of 8/d - (-35)/o?
1
Let g be ((-3)/(-9))/((-1)/(-6)). Suppose -3*t + g*t + 2 = 0. What is the units digit of t?
2
Suppose -5*u - 1 - 4 = 0, 2*u + 14 = -2*d. What is the units digit of 21/d*60/(-21)?
0
Let k(v) = 7*v**2 + 11*v + 17. What is the hundreds digit of k(-6)?
2
Suppose 6 = 2*m + m. Let y = m + -1. What is the units digit of y?
1
Let z = -12 + 16. Suppose 0 = 2*l + z - 44. What is the tens digit of l?
2
Suppose 436 = -5*h + 1451. What is the tens digit of h?
0
Suppose -p = -2*h - 117, -5*h + 8*h = -4*p + 457. What is the tens digit of p?
1
Suppose -5*p + 36 = 6. Let b = 13 + -16. Let g = b + p. What is the units digit of g?
3
Let p = 8 + -4. Let m(b) = 13*b - 6. What is the units digit of m(p)?
6
Suppose -4*w + 56 + 12 = 0. What is the units digit of w?
7
Suppose f - 6 = 1. Let c(i) = 3*i**2 + i - 1. Let a be c(-1). Let b = f - a. What is the units digit of b?
6
Suppose 0 = -0*u - 5*u. Suppose -16 = -u*h - 4*h. Let w(i) = -i**3 + 3*i**2 + 7*i - 5. What is the units digit of w(h)?
7
Let g(p) = -241*p - 1. What is the tens digit of g(-1)?
4
Suppose z - 7 + 0 = 0. Let k be (-1)/4 + (-3)/(-12). Let n = k + z. What is the units digit of n?
7
Suppose 10*x - 603 = x. What is the tens digit of x?
6
Suppose 0 = 5*d - 10, -3*j - 19 = -2*j - 5*d. Let r = -6 - j. What is the units digit of r?
3
Suppose w - 1 = 2. Suppose -4 = -2*n - 4*v, -5*v + 5 = -0. Suppose -w*u = 5*c - n*c - 40, 0 = -u. What is the units digit of c?
8
Let y be (1 - 1) + 2 + 0. Suppose -6*l + 3*v + 29 = -y*l, l - v = 6. What is the units digit of l?
1
Let h(s) = 2*s + 1. Let d be h(5). Let c = -6 + d. Suppose c*n - 4*u - 44 = -14, 5*n - 3*u = 30. What is the units digit of n?
6
Suppose 7*a - 10 = 6*a. What is the tens digit of a?
1
Let p(a) = -a**2 + a + 39. Let n(t) = 2*t**2 - t - 39. Let m(w) = 2*n(w) + 3*p(w). What is the tens digit of m(0)?
3
Let l = 26 + -12. What is the units digit of l?
4
Let m be (-1 - 3)*7/(-7). Suppose 4*k - 203 = -m*a - 79, 5*k - 4*a - 128 = 0. What is the tens digit of k?
2
Let o(c) = 2*c. Let d be o(1). Suppose h + 1 - 6 = -g, 4*g - 14 = -d*h. Let a = 3 - g. What is the units digit of a?
1
Let q = -2 - -8. Let h be ((-4)/(-10))/((-1)/(-5)). What is the tens digit of (h/(-3))/(q/(-99))?
1
Suppose 6*u - 3*x - 18 = 3*u, u - 5*x - 14 = 0. Suppose u*s - 25 = -s. What is the units digit of s?
5
Let u(t) = 30*t**2 + 6. What is the units digit of u(2)?
6
Let p(t) be the third derivative of -t**7/840 + t**6/360 + t**5/30 + 2*t**2. Let q(g) be the third derivative of p(g). What is the units digit of q(-2)?
4
What is the units digit of 24/(-40) - 388/(-5)?
7
Let z(b) be the first derivative of 2*b**2 + b - 2. What is the tens digit of z(8)?
3
Let t(y) = -2*y**2 + 2*y + 5. Let m be t(-4). Let w = 56 + m. What is the tens digit of w?
2
Let o = -327 - 5. What is the units digit of 3/9 + o/(-12)?
8
Let u = 15 + -15. Suppose -3*n + 47 - 2 = u. What is the tens digit of n?
1
Let g(l) = -2*l - 1 - 1 - 1. What is the units digit of g(-7)?
1
Suppose -1 = -10*l + 39. Suppose 5*y = 2*w - 2 + 16, 4*y + 2*w - 4 = 0. What is the tens digit of 74/l + (-1)/y?
1
Let j be 1432/36 - 2/(-9). Let t = 9 + -5. Suppose -t*i = i - j. What is the units digit of i?
8
Let a be ((-3)/(-6) + 2)*-2. Let h be ((-6)/a)/((-6)/(-20)). Suppose 4*j - 4*p = -4, j - 2*p = -h*p + 11. What is the units digit of j?
3
Let v(u) = u**2 + 6*u + 3. Let a be v(-5). What is the units digit of (-100)/(-6) + a/3?
6
Let n(f) be the third derivative of -f**6/120 - f**5/30 - f**4/24 - f**3/6 - 4*f**2. What is the units digit of n(-2)?
1
Let f = 150 + -77. What is the units digit of f?
3
Suppose -r = 5*k - 29, -5*r + 146 = k + 25. What is the units digit of r?
4
Let q(y) be the third derivative of -y**4/24 - y**3/2 - 3*y**2. What is the units digit of q(-5)?
2
What is the tens digit of (-5753)/(-33) + (-1)/((-6)/4)?
7
Suppose 5*i - 11 = 4. Let w be 2/(-3) - (-80)/i. Suppose k - 4*s = 26, -5*k - 1 + w = s. What is the units digit of k?
6
Let t(s) be the first derivative of s**3/3 + 2*s**2 + 3*s + 1. What is the units digit of t(-5)?
8
Let w = 219 - 116. What is the hundreds digit of w?
1
Let j(l) = 4*l - 2. What is the tens digit of j(5)?
1
Let i(b) = -17*b - 45. What is the tens digit of i(-21)?
1
Suppose 0 = 4*v - 4*i, -2*v + i + 3 = -4*i. Let p(d) = -d**3 + 4*d**2 + 5*d + 6. Let l be p(5). Let u = l + v. What is the units digit of u?
5
Suppose 0 = 2*o - 3*o + 5*a + 24, -a + 8 = 3*o. Let z be (-2)/o - 9/6. What is the units digit of z*34/(-8)*2?
7
Let o(y) = -y**3 - 7*y**2 + 7*y - 8. Let b be o(-8). Let q = 25 - b. What is the units digit of q?
5
Let z = 240 - 70. Suppose -3*o - 38 + z = 0. What is the units digit of o?
4
What is the hundreds digit of 151 + 4*(-1 + 0)?
1
Let q(v) = v**2 - 14*v + 20. What is the tens digit of q(14)?
2
Let y(w) = -w**2 - 2*w + 3. Let t be y(-3). Suppose 5*h = -3*f - 1 - t, 0 = 3*f + 2*h - 5. Suppose 0 = f*d + d - 8. What is the units digit of d?
2
Let c = 169 - 118. What is the tens digit of c?
5
Let j = 8 - 10. What is the tens digi